se -26*j + 563 = 17. Suppose 3*x - 5*l - 16 = 21, -29 = -x + 5*l. Suppose x*f - 3*f = 84. What is the highest common factor of j and f?
21
Suppose 443 = 4*o - 1529. Suppose 3*h - o - 119 = 0. Calculate the greatest common divisor of h and 136.
68
Let m = -13352 + 13412. Calculate the highest common divisor of m and 10040.
20
Suppose -572 = -4*b + 2*x, 0 = -b + 3*x + 147 - 9. Calculate the highest common divisor of b and 272.
16
Let z(p) = p**3 - 4*p**2 - p - 333. Let s be z(19). Calculate the greatest common divisor of 183 and s.
61
Let x = -213 - -218. Suppose x*c - 7 = -y, 4*y - y = 2*c + 4. Suppose 2*p = -p + 33. What is the greatest common factor of c and p?
1
Let d = -2483 - -1706. Let r be (1*-1)/(0 + 7/d). Let n = -47 + r. What is the greatest common divisor of 16 and n?
16
Suppose 747*t = 753*t + 156. Let o be (-8 + -6)/(-7) + t/(-1). Calculate the highest common divisor of 98 and o.
14
Let m be (-3 - -27035) + (-40)/(-72)*-9. What is the highest common factor of m and 231?
231
Let l = 465 - 451. Suppose -5*d + 17 = 2*x, 2*d = 5*x - 7*x + l. What is the highest common factor of 14 and x?
2
Suppose -4*t - 1944 = -4*m, -7*t = 5*m - 11*t - 2434. Let c = -430 + m. Calculate the greatest common factor of 264 and c.
12
Suppose -f = -2, r - 3*f + 17 = 65. Calculate the greatest common factor of 126 and r.
18
Let q(k) = -22*k + 10. Let a be q(-5). Suppose -3*h + 11 = -0*r + r, 3*r + h = 25. Suppose a = 23*u - r*u. Calculate the highest common factor of u and 104.
8
Let h = -280 + 293. Let m = 286 - 91. What is the highest common factor of h and m?
13
Suppose 4*c = 1056 + 232. Let y = 630 - c. What is the highest common factor of y and 28?
28
Let f = 1200 + -1128. Let d = -371 + 1739. Calculate the highest common factor of f and d.
72
Let l(b) = b**3 - 2*b**2 + 13*b - 103. Let p be l(6). What is the highest common factor of p and 153?
17
Suppose t + 3*t - 112 = -4*o, -2*o + 29 = t. Let g be 6*3/24*28 - -6. Calculate the greatest common factor of g and t.
27
Let i = 7 - 15. Let n be (-2)/i - 837/(-12). Suppose -4*s - s = v + 8, 0 = 5*v + 3*s - n. What is the highest common factor of v and 187?
17
Suppose 0 = -4*a + 4*a + 5*a. Suppose -11*x = -a*x - 440. What is the highest common divisor of x and 8?
8
Let o = -52 - -93. Let c = o - -102. Calculate the highest common divisor of 13 and c.
13
Suppose 33*r = 9344 + 67216. Calculate the greatest common divisor of r and 16.
16
Let f be (-2269 + 2273)*(0 + (-27)/(-4)). Suppose -4*r = l - 3128, -2*r + 2*l + 1550 = 6*l. Calculate the greatest common factor of r and f.
27
Let n(y) = -y**2 + 8*y + 22. Let u = 77 + -67. Let g be n(u). Let c be 1/(18/(-10) + g). Calculate the greatest common divisor of c and 20.
5
Let h = 2 - -2. Let l be (h/(-8))/(3/(-24)). Suppose -4*o = 3*z - 50, -3*o - l*z + 63 = 2*o. What is the greatest common divisor of o and 121?
11
Let n(t) = 3*t**2 + 2*t - 3. Let p be n(2). Let y = -177 - -173. Let v be 13/(-4)*y/1. What is the highest common divisor of p and v?
13
Let s = -45 - -54. Suppose 11*q - s*q = 14. Suppose -152 = -u - q*u. What is the greatest common divisor of u and 133?
19
Let s = -6 - -11. Suppose 0 = 3*g - m - 52, 2*g + 53 = s*g - 2*m. Calculate the highest common factor of 221 and g.
17
Suppose 145*n = -197 + 1212. What is the greatest common factor of n and 119?
7
Suppose 1166*f - 1088*f - 36270 = 0. What is the highest common factor of 372 and f?
93
Let m = -489 - -549. Calculate the highest common divisor of m and 270.
30
Suppose -8*v + 12 = -6*v. Suppose -328 = -4*f - 4*x, 3*x = v*f - 8*f + 168. Calculate the highest common factor of 52 and f.
26
Let u = 2662 + -2647. What is the highest common divisor of 4335 and u?
15
Let y = -632 - -632. Let z be y - (-9)/(-6)*-118. What is the highest common factor of 295 and z?
59
Let v(k) = k**3 - 38*k**2 + 188*k + 143. Let g be v(32). Let x = 21 + 4. What is the highest common divisor of x and g?
5
Let z be (-2)/8 - (-58)/8. Let k be -28*70/20*134/(-28). What is the greatest common factor of z and k?
7
Let x = 400 - -836. What is the greatest common divisor of 24 and x?
12
Let v be 9 - (4 - -4 - 4). Suppose r = v*a + 312, 5*a - 2*a = -r + 344. What is the highest common divisor of r and 83?
83
Let d be (-1145547)/(-234) + (-10)/(-4). What is the greatest common divisor of 186 and d?
62
Let u = 1262 + -786. Let m be 31/248 + 7437/536. What is the highest common factor of m and u?
14
Let u = -6 - -8. Let s(z) = -8*z + 2*z + 3*z + 0*z - 2 - 4*z**2 + 18*z**2. Let k be s(u). Calculate the greatest common divisor of k and 80.
16
Suppose 13 = p - 1709. Let r = p - 1226. Calculate the greatest common factor of r and 16.
16
Suppose -61*v - 432 = -115*v. What is the highest common divisor of 2648 and v?
8
Suppose 5*x = a + 195, -2*x - 31*a + 27*a + 78 = 0. What is the highest common divisor of x and 533?
13
Suppose 0 = 173*n - 6*n - 723426 - 381446. Calculate the highest common divisor of n and 24.
8
Let v = -9130 - -9770. Calculate the greatest common factor of 4960 and v.
160
Let o = -129 + 195. Let w be (175/(-105))/(5/(-36)). Let p be (-3 + 212/w)/(1/3). Calculate the greatest common factor of p and o.
22
Let z = 222 + -219. Suppose 47 - 5 = z*r. What is the highest common divisor of r and 98?
14
Let m = -353 - -358. Suppose 0 = z - m*z + 5488. What is the greatest common factor of z and 28?
28
Let z = 860 + 2816. Calculate the highest common divisor of 12 and z.
4
Let l = -178 - -183. Let j be (6/15 - 1)*l + 58. Calculate the highest common factor of 11 and j.
11
Let b(f) = f**3 - 4*f**2 - f - 2. Let i be b(6). Let o be 2 - -1 - i/2. Let l be (-6 - o)/(2/22). Calculate the greatest common divisor of 23 and l.
23
Let q(j) be the second derivative of -j**5/20 - 11*j**4/12 - 2*j**3/3 - 11*j**2 + 7*j + 2. Let o be q(-11). What is the highest common factor of o and 462?
22
Suppose -37 - 315 = -4*g. Suppose 98 = 2*q - m + 35, q = 5*m + 18. Calculate the highest common divisor of g and q.
11
Let c = 20653 - 20547. Calculate the greatest common divisor of 10547 and c.
53
Let c = -4531 - -4684. Calculate the greatest common factor of c and 189.
9
Let f(v) = v**3 + 16*v**2 - 14*v + 76. Let p be f(-16). Calculate the greatest common divisor of 400 and p.
100
Let u be 99 + -37 + (2 - (-3 - -4)). Calculate the greatest common divisor of u and 279.
9
Suppose 117*y - 641 - 1342 = 357. Suppose 10 + 6 = i. Suppose -i - 4 = -2*a. What is the greatest common divisor of y and a?
10
Suppose -4*s - 365 = u - 1683, -5*u - 1660 = -5*s. Calculate the greatest common divisor of 4125 and s.
165
Let i(l) = -178*l + 2374. Let h be i(-23). What is the greatest common factor of h and 168?
84
Suppose -19*j + 5*j + 224 = 0. Let y be (-34)/51 + 49/(-3). Let d = y - -57. What is the greatest common factor of j and d?
8
Suppose -45*z + 3*q = -43*z - 753, 4*q - 1516 = -4*z. What is the highest common factor of z and 238?
14
Let g(q) = q**2 - 4*q + 0*q - 4*q - 8 + 6*q. Let d be g(6). Calculate the greatest common divisor of 144 and d.
16
Suppose -114497 + 857316 = 77*k. What is the highest common divisor of 33 and k?
11
Let d be (-7446)/(-146) + 256/(-8). Let m be 431 - -5 - (0 - 1). Calculate the greatest common factor of m and d.
19
Let w = -3887 + 4025. Calculate the greatest common divisor of w and 736.
46
Suppose -31*d + 87 = i - 33*d, 2*d = -5*i + 471. Suppose -5*v + 8*v = -2*r + 67, 0 = 4*v - r - i. What is the highest common divisor of 161 and v?
23
Let p be ((-12)/(-9))/(8490/(-945) + 9). Calculate the highest common factor of 420 and p.
84
Let s be (-6)/(-15) - (-756)/135. Suppose -5 = -4*b + 5*l, 10*b - 7*b - s = 3*l. What is the highest common divisor of 90 and b?
5
Suppose 4*p + 2*g + 134 = g, -3*p + 2*g - 106 = 0. Let w be -14*((-4)/34 + 47/p). Let o = 208 + -61. What is the greatest common factor of o and w?
21
Let d(i) = -90*i + 212. Let j be d(-8). Calculate the greatest common divisor of 5825 and j.
233
Suppose -22*y = -29*y - 3591. Let v = 823 + y. What is the highest common divisor of 10 and v?
10
Suppose -20 = 5*a + 4*i - 42, -4*a = 5*i - 23. Calculate the highest common divisor of a and 94.
2
Suppose -336 = 3*q - 10*q. Suppose -5*f = -0*k - k - 66, 2*f = -5*k + q. What is the highest common factor of 4 and f?
2
Let t = 8041 + -7766. What 